 -939. List the prime factors of o.
3, 5, 19
Let r(o) = 43*o - 134. Let u be r(48). Suppose 4*b = 3*z + 1935, 4*b + 20*z - u = 22*z. List the prime factors of b.
2, 3, 5
Let x = -791 - -1118. Let r = x - 182. What are the prime factors of r?
5, 29
Suppose -2*p + 4846 + 39407 = s, 4*p = -5*s + 88485. What are the prime factors of p?
2, 5, 2213
Let h(z) = -z**3 + 19*z**2 + 20*z - 3. Let t be h(20). Suppose 5*x + 18 + 182 = 0. List the prime factors of (-7608)/x - (t/5)/(-3).
2, 5, 19
Suppose -3*r - 2 + 45 = -4*w, 4*r + 4*w - 48 = 0. Let q(y) = y**3 - 13*y**2 + 2*y - 20. Let i be q(r). List the prime factors of 190/(-5)*1*(-3)/i.
19
Suppose -5*q = -15, 0 = -y + 5*q - 0*q - 1. Suppose 0 = -5*u + 4*v + 5455, -u - 5*v = -6*u + 5455. Suppose -y*c + 127 = -u. List the prime factors of c.
3, 29
Let j = 15 - -41. Let b = j - 59. List the prime factors of b*(43/(-3) + 4) - 3.
2, 7
Suppose -3 = -l + 1. Suppose -34*j = 4*j + 304. List the prime factors of l/10 - (j/(-20) + -4).
2
Let j = 48130 - 16071. What are the prime factors of j?
32059
Let q(w) be the third derivative of w**6/24 - w**5/10 + 17*w**4/24 - 4*w**3/3 - 200*w**2. List the prime factors of q(7).
2, 383
What are the prime factors of 1080/(-81)*(-1 + 1/1*-41)?
2, 5, 7
Suppose 0 = 18*g - 92*g - 71*g + 1540625. List the prime factors of g.
5, 17
Let b(c) be the first derivative of 549 + 5*c - 10*c**2 + 0*c - 518. List the prime factors of b(-11).
3, 5
Let h = -38 + 40. Let x(c) = -9*c**h + 4 - 8 + 8 + 7*c + 5*c**3 + 2. List the prime factors of x(4).
2, 3, 5, 7
What are the prime factors of (1351 + 2)/(7/28*4)?
3, 11, 41
Let x = -3671 - -5925. Suppose 0 = -16*s + 18*s - x. Suppose 35*t = 42*t - s. What are the prime factors of t?
7, 23
Let f be (516/18)/(4/54). Let t be (f/2)/(1 + 102/(-120)). Suppose 7*c = t + 152. What are the prime factors of c?
2, 103
List the prime factors of (-10 - 4/(28/(-63)))*-7735.
5, 7, 13, 17
Let k(j) = -53*j - 1799. Let z be k(-34). Let c be (3 - -2)/(2/2). Suppose c*d - 1057 = 4*q, 2*d + 215 = z*d - 2*q. List the prime factors of d.
11, 19
Let p(o) = 47*o - 578. Let i(z) = 24*z - 290. Let g(a) = -7*i(a) + 3*p(a). What are the prime factors of g(-12)?
2, 5, 31
Suppose -30*b + 2912 = -12700 - 11268. List the prime factors of b.
2, 7
Suppose -3*c = 3*z - 1246 + 22, 1647 = 4*c - z. Let r = c + -95. List the prime factors of r.
2, 79
Let y(d) = -997*d - 423. List the prime factors of y(-8).
7, 13, 83
Suppose 3*w = -0*w + 1632. Let i = w + -95. What are the prime factors of i?
449
Let i(t) = -23*t + 38. Let m be i(8). Let p = m - -166. List the prime factors of (p/3)/(-6 + 1312/216).
2, 3, 5
List the prime factors of (-6 + 4202/(-4))*-10.
5, 2113
Suppose -3*u = 3*s - 0*u - 44892, -s + 4*u = -14954. List the prime factors of s.
2, 7481
Suppose -14*m + 89620 = -6*m + 16076. What are the prime factors of m?
29, 317
Let i = 63321 - 35983. List the prime factors of i.
2, 13669
Suppose -13*i - 54194 + 184441 = 0. What are the prime factors of i?
43, 233
Suppose 0 = -71*j + 31*j + 320. List the prime factors of (24/20)/(j/8760).
2, 3, 73
Let r(g) = -2266 + 14*g + 2289 + 2*g**3 - 12*g**2 - g**3. What are the prime factors of r(12)?
191
Suppose 5*l - 12*l + 14 = 0. Suppose -2470 = l*d - 7*d. List the prime factors of d.
2, 13, 19
Let z = 239 - 239. Suppose -5*d - i + 3220 = z, 2*i = d - 4*d + 1932. What are the prime factors of d?
2, 7, 23
Let w(g) = -5*g**2 + 4*g - 58. Let j(i) = -i**2 + i + 1. Let r(v) = -5*j(v) - w(v). List the prime factors of r(6).
359
Suppose -28*w + 8*w = -11*w - 265509. List the prime factors of w.
29501
Let t = 420 - 313. Suppose 102*r - t*r + 5920 = 0. What are the prime factors of r?
2, 37
Suppose t = 11 - 7. Suppose -t*c + 7*c - 4*b - 9 = 0, -3*b = -2*c + 6. List the prime factors of -5 - (c + (2 - 219)).
11, 19
Suppose -2*l - 672 = -9604. What are the prime factors of l?
2, 7, 11, 29
Let p(q) = -88*q - 78*q - 49*q + 172*q. What are the prime factors of p(-3)?
3, 43
Let d be ((-20)/15)/(1/57) - -1. List the prime factors of 102/8*(-1700)/d.
17
Suppose -463 = -5*x - 503. List the prime factors of x/(-32) - (-2995)/4.
7, 107
Let v = 19 - 14. Let q(c) = c**2 - 3*c - 10. Let h be q(v). Suppose -4*u = -h*u - 5*f - 77, 0 = -3*u - 2*f + 75. List the prime factors of u.
23
Let p = -6 - -22. Let l(h) = -4*h + 36. Let j be l(p). List the prime factors of (2 + 18/(-4))*(j + -6).
5, 17
Let y(x) = 987*x**2 + 288*x + 1483. List the prime factors of y(-5).
2, 17, 727
Let w be 5 + (2 - (5 - 1)). Suppose w*r = -2*r + 315. What are the prime factors of 4/(24/9)*(r - 3)?
2, 3, 5
Let y be 4 + 57/(-15) + (-2)/10. Suppose y = x + 3 - 0, 23 = 5*g - x. Let n(w) = 6*w + 28. List the prime factors of n(g).
2, 13
Let x(z) = -52*z**3 + 4*z**2 - 88*z - 437. What are the prime factors of x(-5)?
3, 31, 71
Let b be -255*2*19/((-855)/18). What are the prime factors of -8 + 4 + b + 0 + 2?
2, 101
Suppose 0 = -7*v + 2*m + 11767 + 4500, m = -v + 2329. What are the prime factors of v?
3, 5, 31
Suppose r - 3*j + 4*j - 10 = 0, -4*j = -r - 15. Suppose 1897 - 37 = r*y. What are the prime factors of y?
2, 3, 31
Suppose 0 = 3*o + 5*h - 53617, -5*h = -186*o + 191*o - 89375. List the prime factors of o.
19, 941
What are the prime factors of -7*(-8)/(-28)*-1 - (-68951 + 10)?
3, 7, 67
Let p = 93971 - 62856. What are the prime factors of p?
5, 7, 127
Let j = 58 + 43. Let y = 92 + j. What are the prime factors of y?
193
Let s = 132 + -128. Suppose 4*n = 3*q + 1787, s*q - 9*q + 15 = 0. List the prime factors of n.
449
Suppose 863*l - 10493313 - 14406945 = 16622124. What are the prime factors of l?
2, 3, 11
Let l(u) = 174*u**2 + 265*u - 2309. List the prime factors of l(9).
2, 5, 13, 109
Suppose -175*l - 2*n + 13828 = -172*l, -2*l + 9226 = 5*n. List the prime factors of l.
2, 3
Let a(c) = -c**2 - 2*c - 6. Let g be a(0). Let n be (1 - (15/g)/(-1))*-2. What are the prime factors of 117 - 6*n/9?
5, 23
Suppose -p - 4*p - 165 = 2*s, 0 = -3*s + 2*p - 257. Let i = 71 + s. List the prime factors of (-2104)/i + 6/(-63)*3.
2, 3, 5
Let g(u) = 456*u**2 + 46*u + 297. List the prime factors of g(11).
7, 11, 727
Let u = 963 + 37064. What are the prime factors of u?
11, 3457
Suppose -2*m + 4 = -u - 11, 0 = -4*u - m - 60. Let o = u + 112. Suppose -s = -o - 84. What are the prime factors of s?
181
Suppose 535*a - 540*a = -l + 76032, 0 = -2*l + a + 152046. What are the prime factors of l?
2, 38011
Let u = -12 - 1963. Let c = u + 2769. What are the prime factors of c?
2, 397
Let t be (-6 - -280) + -2 + -1. Let z = t + 265. What are the prime factors of z?
2, 67
Suppose 2 = -0*l + l + y, 2*l - 2*y = 12. Suppose 0 = 4*a + l*r - 456, 0 = -5*r - 24 - 1. What are the prime factors of a?
7, 17
Suppose n = -3*y - 1831 - 1307, 3*n - 3*y + 9378 = 0. List the prime factors of -1*(-1 - n)/(-4).
2, 17, 23
Suppose b - 51 - 11 = 0. Let w = -62 + b. Suppose -13*x + x + 1440 = w. What are the prime factors of x?
2, 3, 5
Let h(q) = q**2 + q + 1. Let i be h(-6). Let z be (-204)/(-12) - (-2 + -2). Let u = i + z. List the prime factors of u.
2, 13
Suppose -48*p - 8 = -52*p. Let u(m) = -2 - 5*m**2 + 3*m**p - 106*m**3 + 0*m**2 - 3*m. List the prime factors of u(-1).
3, 5, 7
List the prime factors of (8668/6)/(24/108) + 5.
2, 3253
Let q = 51 - 45. Suppose -q*h = 3*k - 2*h - 10, 3*h - 3 = 0. Suppose l + 4*s = 201, -k*s - 3*s + 603 = 3*l. List the prime factors of l.
3, 67
What are the prime factors of (8 - 20) + 6088 + 11?
3, 2029
Let v(n) = 21*n**3 + 5*n**2 + 19*n + 1. List the prime factors of v(7).
2, 17, 223
Suppose 35*v - 33*v = 6. Suppose v*u - 10252 - 7220 = 0. List the prime factors of (u/39 + (-2)/6)*1.
149
Let j be (-44 + (2/2 - 0))*1. Let w = j - -48. Suppose 5 = w*y, -5*a + 462 = 4*y - 252. List the prime factors of a.
2, 71
Let t(m) = m**2 + 13*m - 3. Let v be t(-12). List the prime factors of (528/v)/(18/(-225)).
2, 5, 11
Suppose 5*w = -0*w + 25, -j + 3*w = 11. Let t be 808/40*(3 + 2). Suppose -j*h + 218 = -2*h - 4*d, -h = -4*d - t. List the prime factors of h.
3, 13
Let u(r) = r + 38. Let j be u(12). Suppose 11*x - 247 - j = 0. List the prime factors of (x/12)/(6/544).
2, 3, 17
Suppose 2166544 = 64*p + 129168. What are the prime factors of p?
2, 11, 1447
Suppose -128*j = -136*j + 40. Suppose 2*c - 1755 = -j*s, 5*c - 1892 = 3*